 Let c(j) = 2*j**2 - 5*j - 1. Let y be c(5). Let a = y + -20. Calculate the greatest common factor of h and a.
4
Let u = -61 + 76. What is the greatest common divisor of 3 and u?
3
Let f = -771 + 2535. Calculate the greatest common factor of f and 24.
12
Suppose -o = 7*c - 8*c - 86, -o = -5*c - 78. Calculate the greatest common factor of o and 44.
44
Let v = 302 + -36. Calculate the greatest common divisor of 28 and v.
14
Let p = -217 + 265. Calculate the highest common factor of 36 and p.
12
Suppose -10*c = 6*c - 496. Calculate the highest common factor of 93 and c.
31
Let i = 758 - 596. What is the greatest common divisor of i and 6?
6
Let m(n) = 70*n**2 + n + 1. Let h be 14/(-35) + (-6)/10. Let j be m(h). Suppose 9*c - j = 2*c. Calculate the greatest common factor of c and 10.
10
Let q(b) = 5*b + 19. Let w be q(4). What is the greatest common factor of w and 26?
13
Suppose -1 = -2*p + 1. Suppose -4*d - 52 = -11*m, -3*d - d - 24 = -4*m. What is the highest common factor of p and m?
1
Let i = -180 - -206. Calculate the highest common factor of i and 1.
1
Let b(a) be the third derivative of a**6/120 - a**5/12 + a**4/12 + 5*a**3/3 - 10*a**2. Let f be b(9). Calculate the highest common divisor of 32 and f.
32
Let w = -30 - -54. Let a = 4 + -3. Suppose v = -a, 0 = 5*i - 2*v + 3*v - 179. Calculate the highest common factor of w and i.
12
Let t = -117 - -65. Let f = 100 + t. Calculate the highest common factor of f and 24.
24
Suppose 4608*f - 120 = 4602*f. Calculate the greatest common divisor of 45 and f.
5
Suppose 8*q - 16*q = -2312. What is the highest common factor of 17 and q?
17
Let m(k) = 2*k**3 + 86*k**2 + 164*k + 30. Let a be m(-41). Let w be (-10)/((-1)/(4 + 0)). Calculate the highest common divisor of w and a.
10
Let p = -117 - -36. Let x = -57 - p. What is the highest common divisor of x and 24?
24
Let q(v) = 8*v**2 + 3*v - 11. Let f be q(3). What is the highest common divisor of 50 and f?
10
Let n be (-1 - -3)/2 - 13. Let x = n - -20. Let v be 10 - 5/((-20)/(-8)). Calculate the greatest common factor of v and x.
8
Let b = 285 - 284. What is the greatest common factor of b and 14?
1
Let g(j) = 8*j**3 - 1. Let a be g(-1). Let d(s) = 2*s**2 + 8*s + 14. Let c be d(a). What is the greatest common factor of c and 26?
26
Let m be (-8813)/(-98) - 2/(-28). What is the highest common factor of m and 225?
45
Let p be 3/(((78/(-48))/(-13))/(68/48)). Suppose z + 83 = 5*k - z, -32 = -2*k + 2*z. What is the greatest common divisor of k and p?
17
Let g(q) = -q - 9. Let f be g(-13). Let v be (1 - f)*(3 + (-79)/3). What is the highest common factor of v and 14?
14
Suppose 4*d - 5*a - 16 - 26 = 0, -2*d + 2*a + 20 = 0. Suppose 2*j - 6*u = -2*u + 24, 2*u + 10 = 0. Calculate the greatest common factor of j and d.
2
Let w(t) = 2*t**2 + 10*t - 2. Let g be w(-7). Suppose 34 = 4*p - g. Suppose p = d + 2*a, -d = -2*d + a + 15. Calculate the greatest common factor of d and 10.
5
Let z(n) = n**3 + 35*n**2 + 68*n + 72. Let q be z(-33). Calculate the highest common factor of 15 and q.
3
Let m(u) = 2*u**2 + 3*u - 2. Let d be m(-3). Suppose 4*r - 8 = 8. Suppose 3*o + 66 = 8*o + r*i, 3*o = -2*i + 40. What is the greatest common divisor of o and d?
7
Let t be (-183)/(-27) - 4/(-18). Let b(p) = 2*p**2 - 19*p + 51. Let h be b(3). Let g = h - t. Calculate the greatest common factor of g and 45.
5
Suppose t + 8*i = 5*i + 13, 0 = -3*t - i + 79. Let s(a) = -55*a + 1. Let r be s(-1). What is the greatest common factor of t and r?
28
Let v(t) = -t**2. Let m(w) = 3*w**2 + w - 9. Let j(q) = m(q) + 2*v(q). Let r be j(5). What is the highest common factor of r and 147?
21
Let t be 85 + -2*(13 + -11). Calculate the highest common factor of t and 1863.
81
Let k = 144 + -141. Calculate the highest common factor of k and 4.
1
Suppose 0 = 3*p - 0 - 66. Suppose 0 = -4*q + 3*k + 232, 165 + 106 = 5*q + k. Calculate the greatest common factor of q and p.
11
Suppose 69*k = 28*k + 123. Let t be 15/12 + 1/(-4). Calculate the greatest common factor of t and k.
1
Let n be (-1 - (0 - 2)) + -2. Let c be (-64)/(-6) + n/(-3). Suppose 2*w = -0*w + 2. Calculate the greatest common factor of c and w.
1
Let j = 17 + 2. Suppose -b + 13 = n, 3*n + 0*n = b + j. Suppose -4*q = 5*f - 29, 15 = 2*q + 3*q + 2*f. What is the greatest common factor of q and n?
1
Suppose 2*f - 8 = -4. Let t be f/(-2)*(2 - 3). Calculate the highest common factor of 8 and t.
1
Let o(y) = y**2 - 3*y - 82. Let m be o(-9). Calculate the greatest common factor of 247 and m.
13
Suppose 0*p + 64 = p. Suppose -3*r - 3 = 0, -3*a - 3*r + 4*r = -p. Let q = -14 + 17. Calculate the greatest common factor of a and q.
3
Suppose 0 = -7*y + 3*y + 4. Suppose v = -0*v - y. Let d be 8 + ((-1)/1 - v). Calculate the greatest common factor of 8 and d.
8
Let k be (-4 - 35/(-20))*-4. Calculate the highest common factor of 72 and k.
9
Let r(m) = -m**3 + 2*m**2 - m + 3. Let x be r(-3). Suppose 50 = -k - 4*v, -4*v - 6 = 5*k + 164. Let o = k + 47. Calculate the greatest common factor of x and o.
17
Suppose -33 = -u + 22*c - 25*c, -3*u + 5*c = -99. Calculate the greatest common factor of u and 27.
3
Let x(h) = 14*h - 2. Suppose 0 = 2*c - 2*m + 12, -4*c - 4*m - 39 = -c. Let j = -4 - c. Let n be x(j). Calculate the greatest common divisor of n and 17.
17
Let y(x) = 17*x**2 - 1. Suppose 19*z = 21*z + 2. Let i be y(z). Calculate the greatest common divisor of i and 16.
16
Suppose 2*r + l = 3*l + 256, 0 = -3*r - 2*l + 374. Suppose -n - 36 = -r. What is the highest common divisor of n and 10?
10
Let n(g) = -g**3 + 13*g**2 + 26*g + 24. Let a be n(14). Suppose -4*x + 4*o = -a, 2*x - 5*o - 84 = -0*x. What is the highest common factor of 26 and x?
26
Let o be -1 + 237 + 88/11 + -4. Calculate the highest common divisor of 420 and o.
60
Let r be (-72)/4 + 2 + -4. Let b be ((-105)/r)/((-3)/(-8)). What is the greatest common factor of 126 and b?
14
Let t(l) = l**2 + l. Let a be t(2). Let c = 33 + a. Calculate the highest common divisor of 26 and c.
13
Let k(g) = g**3 + 11*g**2 + g + 16. Let t be k(-11). Let w(d) = -2*d**3 + 12*d**2 + 3*d - 3. Let c be w(t). Calculate the greatest common factor of 31 and c.
31
Let h = -131 + 149. What is the highest common divisor of h and 558?
18
Let t = -24 + 29. Let o = t + -1. Let n be (o + -5 - -14) + -2. Calculate the highest common factor of n and 11.
11
Suppose 4*y = -13 + 37. Suppose 8 = -y*x + 10*x. Suppose x*o - 77 = -3*b, 0*b - 2*b - 2*o = -54. What is the greatest common divisor of 161 and b?
23
Let z(s) = -s**3 - 5*s**2 + 5*s - 2. Let v be z(-6). Let u = 14 + -6. Calculate the highest common factor of v and u.
4
Let h = 234 - 217. What is the highest common divisor of h and 17?
17
Suppose 4*j = -2*a + 42, 0 = -4*j - a + 18 + 29. What is the highest common divisor of 1 and j?
1
Let w be (-11)/((-3)/((-168)/(-8))). Calculate the highest common factor of w and 55.
11
Suppose y = n + 8, -7 = -4*y - 8*n + 7*n. What is the highest common factor of 17 and y?
1
Suppose 3*t + t = 2*b + 240, 3*t - 186 = 3*b. Suppose 12*n + t = 14*n. Suppose 5*a = 230 + 60. What is the greatest common factor of n and a?
29
Suppose 147*c = 130*c + 3536. Calculate the highest common factor of 112 and c.
16
Let h(d) = d**2 + 5*d + 343. Let u be h(0). What is the highest common divisor of 7 and u?
7
Let o = -232 - -562. Calculate the greatest common divisor of o and 132.
66
Let c(r) = -r + 15. Let f be c(9). Calculate the greatest common factor of 27 and f.
3
Suppose -p = 3 - 2, 75 = 3*x - 3*p. Let k be (x/30)/(2/(-10)). Let u be -2*k/(-16)*-46. What is the greatest common factor of 46 and u?
23
Let v(f) = -6*f - 44 + 42 + 7*f. Let w be v(4). What is the highest common factor of 14 and w?
2
Let u be (-12)/30 + (-364)/(-10). Calculate the highest common divisor of u and 18.
18
Let z = 13 + 2. Let o be ((-9)/z)/((-4)/20). Suppose -n - o*n + 84 = 0. Calculate the greatest common factor of 42 and n.
21
Let b(h) = 4*h - 1. Let d be b(4). Let x = d - 13. Suppose -3*w - z = -244, -x*w = -0*w - 5*z - 157. Calculate the greatest common factor of 54 and w.
27
Let p(f) = f**3 + 5*f**2 - 8*f. Let c be p(-4). What is the highest common divisor of c and 64?
16
Let b(i) = 2*i**2 + 102*i + 27. Let m be b(-51). What is the highest common factor of 243 and m?
27
Suppose -2